 18 + 42. Let n = r - s. Calculate the highest common divisor of 12 and n.
4
Suppose -5*g + g = 0. Suppose -5*k - 6*t + 2*t + 233 = g, -3*k = 4*t - 143. What is the highest common divisor of 5 and k?
5
Let w(j) be the third derivative of -j**4/12 - 7*j**3/3 - 3*j**2. Let m be w(-10). Calculate the greatest common factor of 12 and m.
6
Let h(w) = w**2 + 11*w - 9. Let c be h(-12). Let z = 8 - -4. What is the greatest common factor of z and c?
3
Suppose 5*r - 8 = 3*r + 4*x, -5*r = -2*x - 20. What is the highest common divisor of r and 4?
4
Suppose 5 = 5*m - 25. Suppose -3*j = -2*d, j + 7 + 6 = 5*d. Calculate the greatest common divisor of d and m.
3
Suppose 2*b = -8 + 52. Calculate the highest common factor of b and 22.
22
Let n(t) = t**3 + 9*t**2 + 8*t + 3. Let g be n(-8). Calculate the greatest common factor of g and 39.
3
Let n(s) be the third derivative of s**5/30 + s**4/4 + s**3 + 2*s**2. Let y be n(-4). Let v = 6 + 1. What is the highest common divisor of y and v?
7
Let o = 30 + -20. Calculate the greatest common divisor of o and 70.
10
Suppose f - 2*f = -40. Suppose -4*y = 8 - f. Let s be 1 + (2 - (1 - 10)). What is the highest common factor of y and s?
4
Let i(g) = -4*g - 1. Let r be i(-2). Let x = -267 - -512. Suppose -4*o = 5*j - 196, j = 5*o + 6*j - x. Calculate the greatest common divisor of o and r.
7
Let x be -1*(-1*17 + -1). Suppose 2*t + 119 = 39. Let y = t - -85. Calculate the greatest common factor of y and x.
9
Let d be (-12)/(-8)*4/(-6). Let t be d + 0 + (9 - 4). Suppose -3*i + 45 + 11 = 4*b, -t*i + 84 = -4*b. Calculate the greatest common factor of 8 and i.
4
Let i = 23 + -16. Let u(h) = 2*h**2 - 5*h + i - 3*h**2 + 10*h. Let n be u(5). What is the highest common divisor of 49 and n?
7
Let g be 3/5 - 238/(-70). Suppose 40 = o - a - 3*a, -g*o + 2*a + 146 = 0. What is the highest common factor of o and 24?
12
Let b = 7 + -4. Calculate the greatest common factor of 27 and b.
3
Suppose 0 = -u + y - 3*y + 7, 0 = -u - y + 7. What is the highest common divisor of u and 70?
7
Let v(k) = -11*k - 14. Let p be v(-3). Suppose -5*x + 101 = 2*d + 2*d, -2*d - x = -43. What is the greatest common divisor of d and p?
19
Let a(b) = -b**3 - 19*b**2 + 19. Let c be a(-19). Calculate the greatest common divisor of 1 and c.
1
Suppose b = -p + 36, -p + 2*b = 3*p - 120. What is the greatest common divisor of 160 and p?
32
Suppose -22*m + 17*m + 15 = 0. What is the greatest common factor of 18 and m?
3
Let g(w) = w**3 + 3*w**2 - w + 4. Let v be g(-3). Calculate the greatest common divisor of 7 and v.
7
Suppose -44*c - 1330 = -49*c. Calculate the highest common divisor of c and 38.
38
Let s = 431 - 430. Suppose 4*f + 8 = -0*f. Let o be (f/4)/(1/(-2)). Calculate the greatest common divisor of s and o.
1
Let u = 6 - 6. Suppose -t + b = 0, u*b + 5 = 5*b. Calculate the highest common factor of 8 and t.
1
Let o(m) = -m**3 - 3*m**2 - 6*m - 6. Let z be o(-3). Calculate the greatest common factor of z and 4.
4
Suppose -4*x - 860 = -4*n, 31 - 6 = -5*x. Suppose 3*y = y + n. What is the highest common factor of 15 and y?
15
Let d be -77*1*(8 - 5 - 4). Suppose -z + 3*z - 14 = 0. Calculate the greatest common divisor of d and z.
7
Let w(q) = -4*q - 6. Let y be w(-5). Let s be -6*1 + 0/(-11). Let d be (-554)/(-10) + s/(-10). Calculate the greatest common divisor of y and d.
14
Let z be 1 + 1 + 1 + 0. Suppose 0 = z*m - 4*x - 32, 6 - 1 = -x. Calculate the highest common divisor of m and 2.
2
Suppose -2*v = -o - 0*o + 107, 5*v - 2*o = -268. Let x be (-40)/16*v/5. Calculate the greatest common factor of x and 18.
9
Suppose -81 = -5*z + 9. What is the greatest common factor of 27 and z?
9
Suppose j = -5*s + 20, -2*s + 2 = -2*j - 6. Suppose 3*p + 3*v = 42, -2*p - s*v = p - 44. Calculate the highest common factor of p and 18.
6
Let a(l) = -l**2 - 4*l + 3. Let v be a(-4). Calculate the highest common factor of 15 and v.
3
Let r = -82 + 136. What is the greatest common factor of r and 36?
18
Let w be 140/12 - 2/6*-1. What is the highest common factor of w and 30?
6
Suppose -3*q = -3*p + 21, p - 3*p + 12 = -3*q. Let c = 21 - p. Suppose -5*o - c = 2*a - 270, 3*o = -2*a + 158. Calculate the greatest common factor of 10 and o.
10
Suppose -4*d + 5*t = -210, 4*d + t - 116 - 106 = 0. Calculate the greatest common divisor of d and 11.
11
Suppose -j - 5*g = -3, 0 = g - 5*g - 4. Let n be 246/21 + j/28. What is the greatest common divisor of n and 120?
12
Let o(x) = 4*x - 21. Let w be o(6). What is the greatest common divisor of 6 and w?
3
Suppose -h + 32 = -2*b, 0 = 4*h - 5*b + 35 - 151. What is the greatest common factor of 8 and h?
8
Let x(j) = 2*j**2 + 4*j + 2. Let z be x(3). Suppose 6*w + z = 10*w. What is the highest common factor of 12 and w?
4
Let z(h) = 6*h - 3 + 12 + 0*h. Let k be z(12). Calculate the greatest common factor of k and 27.
27
Let c(j) = 5*j + 2. Let u be c(11). Suppose 0 = -2*s + 15 + u. What is the highest common divisor of s and 90?
18
Let h be -1 - 85/(-5)*1. Let r be 20/((-2)/4*-1). What is the greatest common factor of h and r?
8
Let u = 38 - 21. Suppose -2*w = 4*j - u - 17, 5*w - 3*j = 137. What is the highest common divisor of w and 5?
5
Suppose 97 = a + 27. Calculate the highest common divisor of 28 and a.
14
Let g = 0 - 8. Let o be -2 + -2 + 0 + 2. Let c be (1/o)/(2/g). Calculate the greatest common factor of c and 2.
2
Let h(t) = -t**3 + 5*t**2 + 3*t + 6. Let p be h(5). Let l = -19 + 33. What is the greatest common factor of l and p?
7
Let y(m) = 46*m**3 - 3*m + 2. Let g be y(1). Let t be 5/(-10) + 74/4. What is the highest common factor of g and t?
9
Let h(s) = s**3 - 3*s**2 + 5*s - 6. Let l be h(4). Suppose 0 = -o - 5*p + l, -5*p + 13 = -o - 7. What is the highest common factor of 5 and o?
5
Let d(m) = -224*m - 6. Let h be d(-2). Calculate the greatest common divisor of 13 and h.
13
Suppose 5*c - 7 = 8. Suppose 4*d = 3*b - 40, 0 = -b + c*b + 2*d - 22. Let z be (-4)/2 - (-33 + 1). Calculate the greatest common divisor of z and b.
6
Let h(z) = -11*z. Let y be h(-1). Let o(w) = -w**2 + 23*w + 15. Let f be o(y). What is the highest common divisor of 21 and f?
21
Suppose 17 + 19 = -6*z. Let a(o) = o**3 + 7*o**2 + o - 3. Let q be a(z). Calculate the greatest common divisor of 297 and q.
27
Let n = 58 - 53. Calculate the greatest common divisor of 1 and n.
1
Let j be (-1)/(-3)*1*15. Suppose j*t - 2*d - 130 = -0*d, -4*t = -d - 104. Calculate the greatest common factor of 13 and t.
13
Suppose 171 = 2*c + w, 0 = -3*w + 8 + 1. Suppose c = 2*l + 2*l. Calculate the highest common factor of l and 168.
21
Suppose -2*y - 10 = -4*h - 2, -2*y + 10 = 2*h. Let a be (-6)/(y/45*-1). What is the highest common divisor of a and 15?
15
Suppose y = 3 + 15. What is the greatest common divisor of 198 and y?
18
Let g(h) = -2*h**3 - 8*h**2 + h + 5. Let p be g(-4). What is the highest common divisor of p and 4?
1
Suppose 8*m - 377 - 703 = 0. What is the greatest common factor of m and 15?
15
Suppose 9 = 3*f - 5*w, 1 = f + w - 10. Suppose -3*m - 4*n = -232, 0 = 5*m + 2*n - 524 + 156. What is the highest common factor of f and m?
8
Suppose 6*w - 3*w - 79 = -f, -2*w = -10. What is the highest common divisor of f and 4?
4
Let p(s) = 2*s**2 - 6*s. Let q be p(7). Calculate the greatest common factor of 84 and q.
28
Let h be ((-72)/45)/(4/(-350)). What is the highest common divisor of h and 20?
20
Let w(d) = -2*d**3 - 4*d**2 + 4*d - 4. Let i be w(3). Let r = i + 148. What is the greatest common factor of 6 and r?
6
Suppose 4*l = l + 6. Suppose -3*i + 0 + 6 = 0. Calculate the greatest common factor of l and i.
2
Suppose -d - 8 = -5*d. Suppose 2*u = q - 7, -3*u + 3 = q + 2*q. Calculate the highest common factor of d and q.
1
Suppose 6*n = 2*n - 312. Let d = 155 + n. Calculate the greatest common divisor of 7 and d.
7
Let k(i) = -i**3 + 8*i**2 - 10*i + 9. Suppose 12 + 6 = 3*c. Let v be k(c). What is the greatest common divisor of v and 231?
21
Suppose -4*l = -4 + 12. Let o be (21/6)/(l/(-24)). Suppose f - o = -2. Calculate the greatest common factor of f and 60.
20
Let j = -30 + 44. Suppose -3*h = -5*d, 4*h + 3*d - j = 3*h. Suppose 0 = h*a - 0*a - 5. Calculate the highest common factor of a and 5.
1
Suppose 3*x = -d + 11, -6*x + 4*x - 3*d - 2 = 0. Suppose -x*v - 170 = 2*n - 5*n, 5*n - v